{"id":3488,"date":"2022-09-14T01:14:21","date_gmt":"2022-09-14T01:14:21","guid":{"rendered":"https:\/\/adlyonline.com\/?post_type=product&#038;p=3488"},"modified":"2022-09-14T01:14:21","modified_gmt":"2022-09-14T01:14:21","slug":"islamic-ethics-of-business-employment","status":"publish","type":"product","link":"https:\/\/adlyonline.com\/index.php\/product\/islamic-ethics-of-business-employment\/","title":{"rendered":"Islamic Ethics of Business &amp; Employment"},"content":{"rendered":"<p style=\"text-align: center\">Islam is a religion of laws:<\/p>\n<p style=\"text-align: center\">\ufd3f\u00a0\u062b\u064f\u0645\u0651\u064e \u062c\u064e\u0639\u064e\u0644\u0652\u0646\u064e\u0627\u0643\u064e \u0639\u064e\u0644\u064e\u0649 \u0634\u064e\u0631\u0650\u064a\u0639\u064e\u0629\u064d \u0645\u0650\u0646\u064e \u0627\u0644\u0652\u0623\u064e\u0645\u0652\u0631\u0650 \u0641\u064e\u0627\u062a\u0651\u064e\u0628\u0650\u0639\u0652\u0647\u064e\u0627 \u0648\u064e\u0644\u064e\u0627 \u062a\u064e\u062a\u0651\u064e\u0628\u0650\u0639\u0652 \u0623\u064e\u0647\u0652\u0648\u064e\u0627\u0621\u064e \u0627\u0644\u0651\u064e\u0630\u0650\u064a\u0646\u064e \u0644\u064e\u0627 \u064a\u064e\u0639\u0652\u0644\u064e\u0645\u064f\u0648\u0646\u064e\u00a0\ufd3e<\/p>\n<p style=\"text-align: center\"><strong><em>\u201cFurthermore, We have set you (O Prophet) upon a shar\u012b\u02bfah (a law and the right religious way) so, follow that way and follow not the desires of those who do not know\u201d. <\/em><\/strong><strong><em>Al-Qur\u02be\u0101n<\/em><\/strong><strong><em> 45:18<\/em><\/strong><\/p>\n<p style=\"text-align: center\">It is also a religion of ethics, morals that govern a person\u2019s behavior:<\/p>\n<p style=\"text-align: center\">The Prophet r said in the <em>\u1e25ad\u012bth<\/em> collected by Ab\u016b Daw\u016bd and at-Tirmidh\u012b from Ab\u016b Hurayrah:<\/p>\n<p style=\"text-align: center\">\u0623\u0643\u0645\u0644 \u0627\u0644\u0645\u0624\u0645\u0646\u064a\u0646 \u0625\u064a\u0645\u0627\u0646\u0627 \u0623\u062d\u0633\u0646\u0647\u0645 \u062e\u064f\u0644\u0642\u0627<\/p>\n<p style=\"text-align: center\"><em>\u201cThe believer whose faith is most complete is the one who has the best moral conduct\u201d.<\/em><\/p>\n<p style=\"text-align: center\">In addition, it is a religion wherein able-bodied people are expected to work and earn a living to support themselves rather than rely upon others to support them:<\/p>\n<p style=\"text-align: center\">In the <em>\u1e25ad\u012bth<\/em> collected by Muslim from Ab\u016b Hurayrah, the Prophet r said:<\/p>\n<p style=\"text-align: center\">\u0644\u0623\u064e\u0646\u0652 \u064a\u064e\u062d\u0652\u062a\u064e\u0632\u0650\u0645\u064e \u0623\u064e\u062d\u064e\u062f\u064f\u0643\u064f\u0645\u0652 \u062d\u064f\u0632\u0652\u0645\u064e\u0629\u064b \u0645\u0650\u0646\u0652 \u062d\u064e\u0637\u064e\u0628\u064d \u0641\u064e\u064a\u064e\u062d\u0652\u0645\u0650\u0644\u064e\u0647\u064e\u0627 \u0639\u064e\u0644\u064e\u0649 \u0638\u064e\u0647\u0652\u0631\u0650\u0647\u0650 \u0641\u064e\u064a\u064e\u0628\u0650\u064a\u0639\u064e\u0647\u064e\u0627 \u062e\u064e\u064a\u0652\u0631\u064c \u0644\u064e\u0647\u064f \u0645\u0650\u0646\u0652 \u0623\u064e\u0646\u0652 \u064a\u064e\u0633\u0652\u0623\u064e\u0644\u064e \u0631\u064e\u062c\u064f\u0644\u0627\u064b \u064a\u064f\u0639\u0652\u0637\u0650\u064a\u0647\u0650 \u0623\u064e\u0648\u0652 \u064a\u064e\u0645\u0652\u0646\u064e\u0639\u064f\u0647\u064f<\/p>\n<p style=\"text-align: center\"><em>\u201cIt is better for one of you to gather firewood, tie it in a bundle, carry it upon his back (to the market), and sell it, than to ask another man (for anything) whether he gives him or refuses to give him\u201d.<\/em><\/p>\n","protected":false},"excerpt":{"rendered":"<p>Because we all need to work and we are all required to comply with Allah\u2019s religion in the workplace, a comprehensive compilation of the Islamic laws and ethical standards related to employment would be extremely helpful. From what I have seen, there is a great shortage of books in English that thoroughly address this issue. Consequently, there is a void in the library of English Islamic works where a book like this should be. This work is a humble attempt to fill that void.<\/p>\n<p>This work began as notes created and complied by Dr. Islam al-Mur\u0101bi\u1e6d for a class he was teaching to university students and future professionals. These notes were highly academic and did not \u201cspeak\u201d to the layman. While these notes and the sources from which they were drawn certainly have utility, in this work I have sought to make these important concepts draw more comprehensively from Islamic sources, become more accessible to the layman, and become more geared toward Muslim employers and employees.<\/p>\n","protected":false},"featured_media":3489,"comment_status":"open","ping_status":"closed","template":"","meta":{"spay_email":""},"product_cat":[20],"product_tag":[],"_links":{"self":[{"href":"https:\/\/adlyonline.com\/index.php\/wp-json\/wp\/v2\/product\/3488"}],"collection":[{"href":"https:\/\/adlyonline.com\/index.php\/wp-json\/wp\/v2\/product"}],"about":[{"href":"https:\/\/adlyonline.com\/index.php\/wp-json\/wp\/v2\/types\/product"}],"replies":[{"embeddable":true,"href":"https:\/\/adlyonline.com\/index.php\/wp-json\/wp\/v2\/comments?post=3488"}],"wp:featuredmedia":[{"embeddable":true,"href":"https:\/\/adlyonline.com\/index.php\/wp-json\/wp\/v2\/media\/3489"}],"wp:attachment":[{"href":"https:\/\/adlyonline.com\/index.php\/wp-json\/wp\/v2\/media?parent=3488"}],"wp:term":[{"taxonomy":"product_cat","embeddable":true,"href":"https:\/\/adlyonline.com\/index.php\/wp-json\/wp\/v2\/product_cat?post=3488"},{"taxonomy":"product_tag","embeddable":true,"href":"https:\/\/adlyonline.com\/index.php\/wp-json\/wp\/v2\/product_tag?post=3488"}],"curies":[{"name":"wp","href":"https:\/\/api.w.org\/{rel}","templated":true}]}}